t common factor of 17 and t.
17
Suppose -5*x = 5*z - 235, 0*z - 4*z - 2*x = -184. Suppose -z = 24*k - 27*k. What is the highest common factor of 375 and k?
15
Suppose r = 4*z - 121, -6*r = -3*z + 7*z - 142. Calculate the highest common factor of z and 1457.
31
Suppose -71*q = -29*q - 10206. What is the greatest common divisor of 9 and q?
9
Let x be (66/(-24))/((-17)/12104). Calculate the greatest common factor of x and 33.
11
Suppose 0 = -35*f - 227*f + 9694. Suppose 444 = 3*s - 0*s. Suppose 2*z - 2*w - s = -7*w, 4*z - 296 = w. What is the greatest common divisor of z and f?
37
Let w = 24188 + -9743. What is the greatest common factor of 9 and w?
9
Suppose 0 = -f - 3*k + 4, -4*f = -0*f - 2*k - 16. Suppose -7*g + 24 = -f. What is the highest common factor of g and 244?
4
Let u be (13 - 2114/(-28))*30. What is the highest common factor of 360 and u?
45
Suppose 8*m = 3*m. Let u = -59 + 92. Let s = u + m. What is the highest common factor of s and 3?
3
Let z(o) = -o**2 - 20*o + 132. Suppose 3*s - 7 = -4*w + 12, 5*s + 3*w = 28. Let n be z(s). What is the highest common divisor of n and 63?
7
Suppose -2*c - 14 = -h, -h = -4*c - 5 - 19. Suppose 4 = -4*a + 4*s, 20 = -0*a + h*a + 4*s. Calculate the greatest common factor of a and 2.
2
Let k(n) = -146*n - 156*n - 9 + 266*n. Let g be k(-2). What is the greatest common divisor of g and 14?
7
Suppose -2*n - 73*b + 1316 = -68*b, 2*n - 1308 = -3*b. What is the highest common divisor of n and 4455?
81
Let u(v) = -v**3 - 8*v**2 + 6*v + 13. Let y be 3*20/12*-1. Let z be u(y). Let f = z + 146. Calculate the greatest common divisor of f and 27.
27
Let z = -83 - -139. Let q = 58 - z. Suppose -4*s - q*d + 106 = 0, 3*s - 3*d = -0*s + 84. What is the greatest common factor of s and 3?
3
Let s = 2838 - 2734. What is the greatest common divisor of 858 and s?
26
Let b(m) = -30*m - 2251. Let k be b(-111). Calculate the highest common divisor of 13 and k.
13
Suppose 0 = 3*k - 3*c + 48, c - 9 = 4*c. Let x(l) = 6*l - 61. Let s be x(16). Let r = s + k. Calculate the highest common divisor of r and 16.
16
Let h(n) = 32*n - 1316. Let u be h(42). What is the highest common factor of 406 and u?
14
Suppose t = -z + 6, 5*t + 20 = -z + 54. Let y(r) = 88*r - 148. Let x be y(t). Calculate the highest common divisor of 52 and x.
52
Let a = -1820 + 4357. What is the greatest common divisor of a and 86?
43
Suppose -66*m = 4*v - 64*m - 12680, -3*v - 4*m + 9520 = 0. Calculate the greatest common factor of v and 99.
99
Suppose 5*y - 3*g = -8*g + 780, y - 164 = -3*g. Suppose 0 = 4*j - 20 - y. Calculate the highest common divisor of 430 and j.
43
Let p be -2*(-3)/((-12)/(-8)). Suppose a + 35 = 2*z + 8, -p*z + 4*a + 60 = 0. Calculate the greatest common factor of z and 84.
12
Let x = -414 - -1095. Let o = 800 - x. Calculate the greatest common factor of o and 17.
17
Suppose -5*d = 15, d = -3*j + 6*d - 39. Let r = -15 - j. Suppose -15 + r = -5*p + 4*z, -4*p - 2*z = -20. What is the highest common divisor of 12 and p?
4
Suppose -6*d = 3*d. Let j be 129/1 + 1 + d. Suppose 3*l = 4*o - 522, o - j = l - 0*l. What is the greatest common factor of 12 and o?
12
Let j(o) = 3*o**2 - 8*o - 2. Let z be j(2). Let w be (-9)/z - 250/(-20). Calculate the highest common factor of 6 and w.
2
Suppose 9 = 4*v + 2*q - 9, -2*v + 29 = 5*q. Let j be v*(1725/10)/(-5). Let m = -67 - j. Calculate the greatest common factor of 1 and m.
1
Let k = -34 + 38. Suppose k*t = -0*t + 444. Suppose -4*r = 23 - t. Calculate the greatest common divisor of 176 and r.
22
Let v(i) be the first derivative of 11*i**2/2 - 25*i - 16. Let w be v(7). Calculate the greatest common divisor of 26 and w.
26
Suppose 0 = -17*v + 20*v - 81. Suppose -241 = -v*b + 2. What is the highest common divisor of 21 and b?
3
Let x be 90356/42 + -17 - 21/9. What is the highest common divisor of x and 364?
52
Let u(f) = 9*f**3 + 3*f**2 - 6*f - 9. Let g be u(2). What is the greatest common divisor of 336 and g?
21
Let q be ((-19)/(-1) - -1)*45/(-18). Let s be 8/(-5)*q/20. Suppose 120 = 5*b + 2*m, m - 145 = -5*b + s*m. What is the greatest common factor of 234 and b?
26
Let j be (1350/(-40))/(15/(-40)). Calculate the greatest common divisor of 19 and j.
1
Suppose 0 = 353*o - 93*o - 267554 - 148446. What is the greatest common divisor of o and 425?
25
Let j(b) = 55*b**3 - 22*b**2 + 42*b - 61. Let q be j(5). Calculate the greatest common divisor of q and 234.
78
Let l be -3 - (-3 + 4/2). Let j be (l - -4)/(2/10). Let d be (-3)/(-5) + -211*j/(-25). What is the greatest common divisor of d and 5?
5
Let t = -418 + 439. Suppose 4*z + 0*r = -r - 32, -2*r = 3*z + 29. Let s(c) = c**2 + 6*c - 4. Let x be s(z). What is the highest common factor of x and t?
3
Suppose 49*h + 960 = 54*h. Let b = h - -26. Calculate the greatest common divisor of b and 109.
109
Let w be 266100/8*(121/(-55) - (-1 + -2)). Calculate the highest common factor of 30 and w.
30
Let f = 24 - -15. Let u = f + 17. Let i = 63 - u. What is the greatest common factor of 49 and i?
7
Suppose -5*n + 56*s - 54*s + 16834 = 0, 3*n = 5*s + 10127. Calculate the greatest common factor of 12 and n.
4
Let w be (1 - (-4 - 0))/1. Let k(j) = -4*j - 3*j**2 + j**3 - 24 - 6*j**2 - w*j. Let s be k(11). Calculate the greatest common factor of 17 and s.
17
Let w = 305 + -618. Let n = w - -333. What is the greatest common divisor of n and 310?
10
Let d(i) = 13*i**2 - 2*i - 5. Let f(s) = s**2 + 18*s + 22. Let n be f(-17). Let p be d(n). Let r = p + -118. What is the highest common factor of 24 and r?
24
Suppose 5*p - 2*o = 6*p + 2, 3*o = 2*p - 17. Let a = p + 46. What is the highest common divisor of 20 and a?
10
Let o(f) = -5*f**2 - 2*f + 1. Let q(y) = y. Let c(z) = -o(z) - 3*q(z). Let p be c(2). Let j = -129868 + 130089. What is the highest common factor of p and j?
17
Suppose -5*j + 159 = 2*w, 3*j - 6*w + 2*w - 85 = 0. Let p = 226 - -640. Let l = p + -525. What is the greatest common divisor of j and l?
31
Let o be 6/12*2*3. Suppose 2*j - 85 = j + o*g, j - 4*g = 90. Suppose -z + 4 = -3. Calculate the highest common divisor of j and z.
7
Suppose w - 103 = 44. Let m be ((-1)/(2/(-12)))/(12/42). What is the greatest common factor of m and w?
21
Let x(q) = 14*q**2 - 81*q - 2. Let z be x(8). Calculate the greatest common factor of 82 and z.
82
Let g = 117 - -13. Suppose -6*x + g = -56. Calculate the greatest common divisor of x and 62.
31
Suppose 16*n = 5*z + 11*n - 2430, -5*n = z - 468. What is the greatest common factor of z and 161?
161
Let g = -84 - -140. Let m(a) = a**2 - a - 14. Let o be m(6). Calculate the greatest common divisor of g and o.
8
Let v(h) = -17 + 5 - 2*h - 8. Let o be v(-7). Let d be 2/o + 392/24. Calculate the highest common divisor of d and 16.
16
Let n = 5937 + -3788. Calculate the highest common divisor of n and 7.
7
Let n = -265 + 716. Suppose -n = -2*w + 501. What is the highest common factor of 56 and w?
28
Let l be 4 - 8 - 7*-29 - 8/2. What is the greatest common factor of 3588 and l?
39
Let t be (-4672)/(-12) - (6/(-4))/((-27)/(-12)). Calculate the greatest common factor of 650 and t.
130
Suppose -56 = -5*j - 2*m + m, -5*j - 3*m = -58. Let u(k) = -11*k - 1056. Let w be u(-104). Calculate the greatest common factor of w and j.
11
Let s(u) be the first derivative of -3*u**2 - 4*u - 8. Let j be s(-6). Calculate the greatest common divisor of j and 12.
4
Suppose -1764 + 1074 = -8*h + 3*h. What is the greatest common factor of 12627 and h?
69
Let n be -14 + (16 - 256)/(-6). Calculate the highest common factor of n and 2587.
13
Suppose 6*m + 2009 = 13349. What is the greatest common factor of 120 and m?
30
Suppose 101*c - 8120 = -78*c + 121*c. Let h be (4/(-6))/((-1)/15). What is the greatest common divisor of c and h?
10
Let c(p) = -p**2 + 18*p - 76. Let s be c(7). Calculate the greatest common divisor of 3 and s.
1
Let b = 11293 - 11119. Calculate the greatest common factor of 638 and b.
58
Let y be -3 - 9/(-3) - (-22 - -3). Suppose 3*l - 11 = y. Let i be (l/(100/(-165)))/(3/(-28)). Calculate the highest common factor of i and 14.
14
Let w(k) = -699*k + 175. Let v be w(-2). What is the greatest common divisor of v and 247?
13
Suppose 4761 = 333*q + 1098. Let i = 7 + -2. Calculate the greatest common divisor of i and q.
1
Let i = 6646 - 6371. What is t